{"id":63,"date":"2020-04-27T12:53:37","date_gmt":"2020-04-27T12:53:37","guid":{"rendered":"http:\/\/brouwerij74.nl\/?page_id=63"},"modified":"2025-07-22T11:30:11","modified_gmt":"2025-07-22T11:30:11","slug":"verkooppunten","status":"publish","type":"page","link":"https:\/\/brouwerij74.nl\/?page_id=63","title":{"rendered":"Verkooppunten"},"content":{"rendered":"\n<p><a href=\"https:\/\/buurtbier.nl\/\"><strong>Buurtbier.nl<\/strong><\/a> (webshop)<br>Amsterdamsestraatweg 116, Utrecht<\/p>\n\n\n\n<p><strong>De Bierwinkelier<\/strong><br>Nachtegaalstraat 65, Utrecht<\/p>\n\n\n\n<p><strong>Breunesse Delicatesse<\/strong><br>Burgemeester Reigerstraat 20, Utrecht<\/p>\n\n\n\n<p><strong>Cerveceria Boulevard<\/strong><br>Burgermeester Reigerstraat 45, Utrecht<\/p>\n\n\n\n<p><strong>Caf\u00e9 De Stad<\/strong><br>Lange Jufferstraat 58, Utrecht<\/p>\n\n\n\n<p><strong>Familie Van Rijk &#8211; Zuilen<\/strong><br>Amsterdamsestraatweg 379, Utrecht<\/p>\n\n\n\n<p><strong>Familie Van Rijk<\/strong> <strong>&#8211; Lombok<\/strong><br>Haroekoeplein 101, Utrecht<\/p>\n\n\n\n<p><strong>Gran Caf\u00e9 Brava<\/strong><br>Croeselaan 303, Utrecht<\/p>\n\n\n\n<p><strong>Caf\u00e9 Jan Primus<\/strong><br>Jan van Scorelstraat 27-31, Utrecht<\/p>\n\n\n\n<p><strong>Little Beershop<\/strong><br>Hardebollenstraat 7, Utrecht<\/p>\n\n\n\n<p><strong>Caf\u00e9  Lijn 4<\/strong><br>Twijnstraat 3, Utrecht<\/p>\n\n\n\n<p><strong>Pomp 41<\/strong><br>Dorpstraat 41-43, De Bilt<\/p>\n\n\n\n<p><strong>Tchin-Tchin<\/strong><br>Parijsboulevard 40A, Utrecht<\/p>\n\n\n\n<p><strong>Vroeg<\/strong><br>Achterdijk 1, Bunnik<\/p>\n\n\n\n<p><strong>Brasserie Van Ostade<\/strong><br>Adriaen van Ostadelaan 65, Utrecht<\/p>\n\n\n\n<p><strong>Van der Valk &#8211; De Bilt<br><\/strong>De Holle Bilt 1, De Bilt<\/p>\n\n\n\n<figure class=\"wp-block-image size-large\"><img loading=\"lazy\" decoding=\"async\" width=\"960\" height=\"720\" src=\"https:\/\/brouwerij74.nl\/wp-content\/uploads\/2021\/04\/46003575_934463806749053_3697078251777163264_n.jpg\" alt=\"\" class=\"wp-image-161\" srcset=\"https:\/\/brouwerij74.nl\/wp-content\/uploads\/2021\/04\/46003575_934463806749053_3697078251777163264_n.jpg 960w, https:\/\/brouwerij74.nl\/wp-content\/uploads\/2021\/04\/46003575_934463806749053_3697078251777163264_n-300x225.jpg 300w, https:\/\/brouwerij74.nl\/wp-content\/uploads\/2021\/04\/46003575_934463806749053_3697078251777163264_n-768x576.jpg 768w\" sizes=\"auto, (max-width: 767px) 89vw, (max-width: 1000px) 54vw, (max-width: 1071px) 543px, 580px\" \/><\/figure>\n","protected":false},"excerpt":{"rendered":"<p>Buurtbier.nl (webshop)Amsterdamsestraatweg 116, Utrecht De BierwinkelierNachtegaalstraat 65, Utrecht Breunesse DelicatesseBurgemeester Reigerstraat 20, Utrecht Cerveceria BoulevardBurgermeester Reigerstraat 45, Utrecht Caf\u00e9 De StadLange Jufferstraat 58, Utrecht Familie Van Rijk &#8211; ZuilenAmsterdamsestraatweg 379, Utrecht Familie Van Rijk &#8211; LombokHaroekoeplein 101, Utrecht Gran Caf\u00e9 BravaCroeselaan 303, Utrecht Caf\u00e9 Jan PrimusJan van Scorelstraat 27-31, Utrecht Little BeershopHardebollenstraat 7, Utrecht Caf\u00e9 &hellip; <\/p>\n<p class=\"link-more\"><a href=\"https:\/\/brouwerij74.nl\/?page_id=63\" class=\"more-link\"><span class=\"screen-reader-text\">&#8220;Verkooppunten&#8221;<\/span> verder lezen<\/a><\/p>\n","protected":false},"author":1,"featured_media":0,"parent":0,"menu_order":1,"comment_status":"closed","ping_status":"closed","template":"","meta":{"footnotes":""},"class_list":["post-63","page","type-page","status-publish","hentry"],"_links":{"self":[{"href":"https:\/\/brouwerij74.nl\/index.php?rest_route=\/wp\/v2\/pages\/63","targetHints":{"allow":["GET"]}}],"collection":[{"href":"https:\/\/brouwerij74.nl\/index.php?rest_route=\/wp\/v2\/pages"}],"about":[{"href":"https:\/\/brouwerij74.nl\/index.php?rest_route=\/wp\/v2\/types\/page"}],"author":[{"embeddable":true,"href":"https:\/\/brouwerij74.nl\/index.php?rest_route=\/wp\/v2\/users\/1"}],"replies":[{"embeddable":true,"href":"https:\/\/brouwerij74.nl\/index.php?rest_route=%2Fwp%2Fv2%2Fcomments&post=63"}],"version-history":[{"count":11,"href":"https:\/\/brouwerij74.nl\/index.php?rest_route=\/wp\/v2\/pages\/63\/revisions"}],"predecessor-version":[{"id":231,"href":"https:\/\/brouwerij74.nl\/index.php?rest_route=\/wp\/v2\/pages\/63\/revisions\/231"}],"wp:attachment":[{"href":"https:\/\/brouwerij74.nl\/index.php?rest_route=%2Fwp%2Fv2%2Fmedia&parent=63"}],"curies":[{"name":"wp","href":"https:\/\/api.w.org\/{rel}","templated":true}]}}